 448.
81
Calculate the remainder when 2529 is divided by 2448.
81
Calculate the remainder when 73073 is divided by 37.
35
What is the remainder when 5407 is divided by 5400?
7
Calculate the remainder when 15802 is divided by 56.
10
Calculate the remainder when 5912 is divided by 93.
53
Calculate the remainder when 126710 is divided by 18101.
3
What is the remainder when 729 is divided by 253?
223
Calculate the remainder when 4923 is divided by 9.
0
Calculate the remainder when 3661 is divided by 1173.
142
What is the remainder when 23767 is divided by 3961?
1
What is the remainder when 16952 is divided by 16951?
1
Calculate the remainder when 54971 is divided by 75.
71
What is the remainder when 9009 is divided by 561?
33
What is the remainder when 14844 is divided by 323?
309
What is the remainder when 56058 is divided by 6994?
106
What is the remainder when 2949 is divided by 917?
198
What is the remainder when 38344 is divided by 38321?
23
What is the remainder when 679 is divided by 182?
133
What is the remainder when 114307 is divided by 915?
847
What is the remainder when 1284317 is divided by 80?
77
Calculate the remainder when 6097 is divided by 36.
13
What is the remainder when 15662 is divided by 7785?
92
Calculate the remainder when 150934 is divided by 199.
92
Calculate the remainder when 21368 is divided by 285.
278
What is the remainder when 51221 is divided by 12745?
241
Calculate the remainder when 21031 is divided by 37.
15
What is the remainder when 72586 is divided by 2268?
10
What is the remainder when 2446 is divided by 600?
46
Calculate the remainder when 28431 is divided by 235.
231
What is the remainder when 67890 is divided by 33880?
130
Calculate the remainder when 95508 is divided by 326.
316
What is the remainder when 15698 is divided by 1303?
62
What is the remainder when 1235 is divided by 1117?
118
Calculate the remainder when 165925 is divided by 779.
777
Calculate the remainder when 4094 is divided by 72.
62
Calculate the remainder when 75577 is divided by 37784.
9
Calculate the remainder when 22935 is divided by 996.
27
What is the remainder when 43450 is divided by 34?
32
What is the remainder when 35614 is divided by 14?
12
Calculate the remainder when 642 is divided by 359.
283
Calculate the remainder when 1410 is divided by 275.
35
What is the remainder when 356469 is divided by 215?
214
What is the remainder when 108149 is divided by 11?
8
What is the remainder when 46623 is divided by 99?
93
What is the remainder when 4791 is divided by 4654?
137
What is the remainder when 224 is divided by 167?
57
What is the remainder when 10954 is divided by 299?
190
What is the remainder when 1879 is divided by 935?
9
Calculate the remainder when 29094 is divided by 55.
54
Calculate the remainder when 27815 is divided by 958.
33
What is the remainder when 139869 is divided by 1128?
1125
Calculate the remainder when 45203 is divided by 22.
15
What is the remainder when 9804 is divided by 55?
14
Calculate the remainder when 1422083 is divided by 17.
16
Calculate the remainder when 26295 is divided by 173.
172
Calculate the remainder when 56065 is divided by 129.
79
Calculate the remainder when 22948 is divided by 3802.
136
What is the remainder when 56657 is divided by 114?
113
Calculate the remainder when 692 is divided by 73.
35
What is the remainder when 8383 is divided by 24?
7
What is the remainder when 2555 is divided by 1116?
323
Calculate the remainder when 7544 is divided by 28.
12
Calculate the remainder when 1030746 is divided by 106.
2
What is the remainder when 285426 is divided by 11?
9
Calculate the remainder when 10351 is divided by 792.
55
What is the remainder when 64798 is divided by 25?
23
What is the remainder when 7405 is divided by 3267?
871
What is the remainder when 14143 is divided by 208?
207
What is the remainder when 11098 is divided by 1081?
288
What is the remainder when 22359 is divided by 52?
51
What is the remainder when 16928 is divided by 121?
109
Calculate the remainder when 10037 is divided by 831.
65
What is the remainder when 317551 is divided by 892?
891
What is the remainder when 14506 is divided by 1283?
393
What is the remainder when 19275 is divided by 210?
165
Calculate the remainder when 1742 is divided by 1683.
59
What is the remainder when 6320 is divided by 79?
0
What is the remainder when 1563 is divided by 1395?
168
What is the remainder when 29102 is divided by 28?
10
Calculate the remainder when 84208 is divided by 787.
786
Calculate the remainder when 4918 is divided by 1963.
992
Calculate the remainder when 4245 is divided by 185.
175
What is the remainder when 16666 is divided by 278?
264
Calculate the remainder when 21149 is divided by 20706.
443
What is the remainder when 2527 is divided by 234?
187
Calculate the remainder when 272086 is divided by 24.
22
What is the remainder when 11711 is divided by 215?
101
Calculate the remainder when 1030 is divided by 420.
190
Calculate the remainder when 14212 is divided by 109.
42
Calculate the remainder when 10703 is divided by 131.
92
Calculate the remainder when 157127 is divided by 326.
321
What is the remainder when 12127 is divided by 505?
7
Calculate the remainder when 1219388 is divided by 406456.
20
Calculate the remainder when 294295 is divided by 54.
49
What is the remainder when 2954 is divided by 192?
74
What is the remainder when 272561 is divided by 15?
11
What is the remainder when 623230 is divided by 288?
286
What is the remainder when 46848 is divided by 11?
10
What is the remainder when 15324 is divided by 71?
59
Calculate the remainder when 13218 is divided by 1887.
9
What is the remainder when 13817 is divided by 330?
287
What is the remainder when 135452 is divided by 909?
11
What is the remainder when 46314 is divided by 27?
9
Calculate the remainder when 16834 is divided by 411.
394
What is the remainder when 1718 is divided by 420?
38
Calculate the remainder when 4249 is divided by 176.
25
Calculate the remainder when 57957 is divided by 252.
249
What is the remainder when 531752 is divided by 53?
3
What is the remainder when 19908 is divided by 29?
14
Calculate the remainder when 17223 is divided by 4277.
115
Calculate the remainder when 1270 is divided by 404.
58
What is the remainder when 262273 is divided by 38?
35
Calculate the remainder when 4556 is divided by 28.
20
Calculate the remainder when 44570 is divided by 3427.
19
What is the remainder when 6328 is divided by 230?
118
What is the remainder when 727 is divided by 87?
31
Calculate the remainder when 279448 is divided by 25.
23
Calculate the remainder when 33760 is divided by 299.
272
Calculate the remainder when 6269 is divided by 239.
55
What is the remainder when 107159 is divided by 36?
23
Calculate the remainder when 28501 is divided by 469.
361
Calculate the remainder when 15688 is divided by 2016.
1576
What is the remainder when 103774 is divided by 3840?
94
What is the remainder when 1348837 is divided by 8?
5
What is the remainder when 3294 is divided by 347?
171
What is the remainder when 1487 is divided by 476?
59
What is the remainder when 189609 is divided by 18?
15
Calculate the remainder when 46973 is divided by 259.
94
Calculate the remainder when 20192 is divided by 164.
20
What is the remainder when 5106 is divided by 182?
10
What is the remainder when 14056 is divided by 4608?
232
Calculate the remainder when 62295 is divided by 6.
3
What is the remainder when 3479485 is divided by 16?
13
What is the remainder when 14376 is divided by 2022?
222
Calculate the remainder when 3243 is divided by 98.
9
What is the remainder when 18682 is divided by 18604?
78
What is the remainder when 40699 is divided by 106?
101
Calculate the remainder when 9054 is divided by 562.
62
What is the remainder when 16596 is divided by 12?
0
Calculate the remainder when 15234 is divided by 15167.
67
What is the remainder when 56119 is divided by 18706?
1
What is the remainder when 108532 is divided by 517?
479
Calculate the remainder when 2415434 is divided by 1385.
1379
What is the remainder when 1953 is divided by 13?
3
What is the remainder when 1910 is divided by 721?
468
What is the remainder when 1640 is divided by 1629?
11
What